{"id":3,"date":"2021-04-09T10:57:43","date_gmt":"2021-04-09T08:57:43","guid":{"rendered":"https:\/\/www.crescat-advisory.de\/aktuelles\/?page_id=3"},"modified":"2021-05-05T15:16:26","modified_gmt":"2021-05-05T13:16:26","slug":"datenschutzerklaerung","status":"publish","type":"page","link":"https:\/\/www.crescat-advisory.de\/aktuelles\/datenschutzerklaerung\/","title":{"rendered":"Datenschutzerkl\u00e4rung"},"content":{"rendered":"\r\n<p><strong>Name und Anschrift des Verantwortlichen<\/strong><br \/>Der Verantwortliche f\u00fcr diese Internetseiten im Sinne der Datenschutz-Grundverordnung (DSGVO) und anderer nationaler Datenschutzgesetze der Mitgliedsstaaten sowie sonstiger datenschutzrechtlicher Bestimmungen ist die:<\/p>\r\n<p>CRESCAT Advisory GmbH<br \/>Schillerstra\u00dfe 31<br \/>60313 Frankfurt\/Main <br \/>E-Mail: frankfurt@crescat-advisory.de<br \/>Tel.: +49 (0) 69 7566125-0<\/p>\r\n<p><strong>Datenschutz<\/strong><br \/>Die Nutzung unserer Website ist ohne Angabe personenbezogener Daten m\u00f6glich. Unsere Website enth\u00e4lt diverse Links zu anderen Websites. Wir sind f\u00fcr die dortigen Strategien und Vorkehrungen zum Datenschutz oder den Inhalt dieser anderen Websites nicht verantwortlich.<\/p>\r\n<p><strong>SSL-Verschl\u00fcsselung<\/strong><br \/>Unsere Website nutzt aus Gr\u00fcnden der Sicherheit eine SSL-Verschl\u00fcsselung. Eine verschl\u00fcsselte Verbindung erkennen Sie daran, dass die Adresszeile des Browsers von \u201ehttp:\/\/\u201c auf \u201ehttps:\/\/\u201c wechselt und an dem Schloss-Symbol in Ihrer Browserzeile. Wenn die SSL Verschl\u00fcsselung aktiviert ist, k\u00f6nnen die Daten, die Sie an uns \u00fcbermitteln, nicht von Dritten mitgelesen werden.<\/p>\r\n<p><strong>Server-Log-Files<\/strong><br \/>Beim Aufrufen unserer Website werden durch den auf Ihrem Endger\u00e4t zum Einsatz kommenden Browser automatisch Informationen an den Server unserer Website gesendet. Diese Informationen werden tempor\u00e4r in einem sog. Logfile gespeichert. Folgende Informationen werden dabei ohne Ihr Zutun erfasst und bis zur automatisierten L\u00f6schung gespeichert:<\/p>\r\n<ul>\r\n<li>IP-Adresse des anfragenden Rechners<\/li>\r\n<li>Datum und Uhrzeit des Zugriffs<\/li>\r\n<li>Name und URL der abgerufenen Datei<\/li>\r\n<li>Website, von der aus der Zugriff erfolgt (Referrer-URL)<\/li>\r\n<li>verwendeter Browser und ggf. das Betriebssystem Ihres Rechners<\/li>\r\n<li>sowie der Name Ihres Access-Providers.<\/li>\r\n<\/ul>\r\n<p>Die genannten Daten werden durch uns zu folgenden Zwecken verarbeitet:<\/p>\r\n<ul>\r\n<li>Gew\u00e4hrleistung eines reibungslosen Verbindungsaufbaus der Website<\/li>\r\n<li>Gew\u00e4hrleistung einer komfortablen Nutzung unserer Website<\/li>\r\n<li>Auswertung der Systemsicherheit und -stabilit\u00e4t<\/li>\r\n<li>sowie zu weiteren administrativen Zwecken.<\/li>\r\n<\/ul>\r\n<p><strong>Kontaktaufnahme<\/strong><br \/>Bei der Kontaktaufnahme mit uns (z.B. per E-Mail oder Telefon) werden die Angaben des Nutzers zur Bearbeitung der Kontaktanfrage und deren Abwicklung verarbeitet. Wir l\u00f6schen die Anfragen, sofern diese nicht mehr erforderlich sind. Wir \u00fcberpr\u00fcfen die Erforderlichkeit alle zwei Jahre.<\/p>\r\n<p><strong>Weitergabe von Daten<\/strong><br \/>Eine \u00dcbermittlung Ihrer pers\u00f6nlichen Daten an Dritte zu anderen als den im Folgenden aufgef\u00fchrten Zwecken findet nicht statt. Wir geben Ihre pers\u00f6nlichen Daten nur an Dritte weiter, wenn:<\/p>\r\n<ul>\r\n<li>Sie Ihre nach Art. 6 Abs. 1 S. 1 lit. a DSGVO ausdr\u00fcckliche Einwilligung dazu erteilt haben,<\/li>\r\n<li>die Weitergabe nach Art. 6 Abs. 1 S. 1 lit. f DSGVO zur Geltendmachung, Aus\u00fcbung oder Verteidigung von Rechtsanspr\u00fcchen erforderlich ist und kein Grund zur Annahme besteht, dass Sie ein \u00fcberwiegendes schutzw\u00fcrdiges Interesse an der Nichtweitergabe Ihrer Daten haben,<\/li>\r\n<li>f\u00fcr den Fall, dass f\u00fcr die Weitergabe nach Art. 6 Abs. 1 S. 1 lit. c DSGVO eine gesetzliche Verpflichtung besteht,<\/li>\r\n<li>sowie dies gesetzlich zul\u00e4ssig und nach Art. 6 Abs. 1 S. 1 lit. b DSGVO f\u00fcr die Abwicklung von Vertragsverh\u00e4ltnissen mit Ihnen erforderlich ist.<\/li>\r\n<\/ul>\r\n<p><strong>Betroffenenrechte<\/strong><br \/>Sie haben das Recht:<\/p>\r\n<ul>\r\n<li>gem\u00e4\u00df Art. 15 DSGVO Auskunft \u00fcber Ihre von uns verarbeiteten personenbezogenen Daten zu verlangen. Insbesondere k\u00f6nnen Sie Auskunft \u00fcber die Verarbeitungszwecke, die Kategorie der personenbezogenen Daten, die Kategorien von Empf\u00e4ngern, gegen\u00fcber denen Ihre Daten offengelegt wurden oder werden, die geplante Speicherdauer, das Bestehen eines Rechts auf Berichtigung, L\u00f6schung, Einschr\u00e4nkung der Verarbeitung oder Widerspruch, das Bestehen eines Beschwerderechts, die Herkunft ihrer Daten, sofern diese nicht bei uns erhoben wurden, sowie \u00fcber das Bestehen einer automatisierten Entscheidungsfindung einschlie\u00dflich Profiling und ggf. aussagekr\u00e4ftigen Informationen zu deren Einzelheiten verlangen;<\/li>\r\n<li>gem\u00e4\u00df Art. 16 DSGVO unverz\u00fcglich die Berichtigung unrichtiger oder Vervollst\u00e4ndigung Ihrer bei uns gespeicherten personenbezogenen Daten zu verlangen;<\/li>\r\n<li>gem\u00e4\u00df Art. 17 DSGVO die L\u00f6schung Ihrer bei uns gespeicherten personenbezogenen Daten zu verlangen, soweit nicht die Verarbeitung zur Aus\u00fcbung des Rechts auf freie Meinungs\u00e4u\u00dferung und Information, zur Erf\u00fcllung einer rechtlichen Verpflichtung, aus Gr\u00fcnden des \u00f6ffentlichen Interesses oder zur Geltendmachung, Aus\u00fcbung oder Verteidigung von Rechtsanspr\u00fcchen erforderlich ist;<\/li>\r\n<li>gem\u00e4\u00df Art. 18 DSGVO die Einschr\u00e4nkung der Verarbeitung Ihrer personenbezogenen Daten zu verlangen, soweit die Richtigkeit der Daten von Ihnen bestritten wird, die Verarbeitung unrechtm\u00e4\u00dfig ist, Sie aber deren L\u00f6schung ablehnen und wir die Daten nicht mehr ben\u00f6tigen, Sie jedoch diese zur Geltendmachung, Aus\u00fcbung oder Verteidigung von Rechtsanspr\u00fcchen ben\u00f6tigen oder Sie gem\u00e4\u00df Art. 21 DSGVO Widerspruch gegen die Verarbeitung eingelegt haben;<\/li>\r\n<li>gem\u00e4\u00df Art. 20 DSGVO Ihre personenbezogenen Daten, die Sie uns bereitgestellt haben, in einem strukturierten, g\u00e4ngigen und maschinenlesebaren Format zu erhalten oder die \u00dcbermittlung an einen anderen Verantwortlichen zu verlangen;<\/li>\r\n<li>gem\u00e4\u00df Art. 7 Abs. 3 DSGVO Ihre einmal erteilte Einwilligung jederzeit gegen\u00fcber uns zu widerrufen. Dies hat zur Folge, dass wir die Datenverarbeitung, die auf dieser Einwilligung beruhte, f\u00fcr die Zukunft nicht mehr fortf\u00fchren d\u00fcrfen und<\/li>\r\n<li>gem\u00e4\u00df Art. 77 DSGVO sich bei einer Aufsichtsbeh\u00f6rde zu beschweren. In der Regel k\u00f6nnen Sie sich hierf\u00fcr an die Aufsichtsbeh\u00f6rde Ihres \u00fcblichen Aufenthaltsortes oder Arbeitsplatzes oder unseres Kanzleisitzes wenden.<\/li>\r\n<\/ul>\r\n<p><strong>Widerspruchsrecht<\/strong><br \/>Sie haben jederzeit das Recht auf unentgeltliche Auskunft \u00fcber Ihre bei uns gespeicherten personenbezogenen Daten, deren Herkunft und Empf\u00e4nger und den Zweck der Datenverarbeitung sowie ein Recht auf Berichtigung, Sperrung oder L\u00f6schung dieser Daten. Wenn Sie Fragen hierzu haben, die Ihnen diese Datenschutzerkl\u00e4rung nicht beantworten konnte, k\u00f6nnen Sie sich jederzeit \u00fcber die im Impressum angegebenen Kontaktdaten an uns wenden.<\/p>\r\n<p><strong>Cookies<\/strong> <br \/>Um den Besuch unserer Website attraktiv zu gestalten und die Nutzung bestimmter Funktionen zu erm\u00f6glichen, verwenden wir auf verschiedenen Seiten sogenannte Cookies. Hierbei handelt es sich um kleine Textdateien, die auf Ihrem Endger\u00e4t abgelegt werden. Einige der von uns verwendeten Cookies werden nach dem Ende der Browser-Sitzung, also nach Schlie\u00dfen Ihres Browsers, wieder gel\u00f6scht (sog. Sitzungs-Cookies). Andere Cookies verbleiben auf Ihrem Endger\u00e4t und erm\u00f6glichen uns oder unseren Partnerunternehmen (Cookies von Drittanbietern), Ihren Browser beim n\u00e4chsten Besuch wiederzuerkennen (persistente Cookies). Werden Cookies gesetzt, erheben und verarbeiten diese im individuellen Umfang bestimmte Nutzerinformationen wie Browser- und Standortdaten sowie IP-Adresswerte. Persistente Cookies werden automatisiert nach einer vorgegebenen Dauer gel\u00f6scht, die sich je nach Cookie unterscheiden kann. Sofern durch einzelne von uns implementierte Cookies auch personenbezogene Daten verarbeitet werden, erfolgt die Verarbeitung gem\u00e4\u00df Art. 6 Abs. 1 lit. b DSGVO entweder zur Durchf\u00fchrung des Vertrages oder gem\u00e4\u00df Art. 6 Abs. 1 lit. f DSGVO zur Wahrung unserer berechtigten Interessen an der bestm\u00f6glichen Funktionalit\u00e4t der Website sowie einer kundenfreundlichen und effektiven Ausgestaltung des Seitenbesuchs. <br \/><br \/>Bitte beachten Sie, dass Sie Ihren Browser so einstellen k\u00f6nnen, dass Sie \u00fcber das Setzen von Cookies informiert werden und einzeln \u00fcber deren Annahme entscheiden oder die Annahme von Cookies f\u00fcr bestimmte F\u00e4lle oder generell ausschlie\u00dfen k\u00f6nnen. Jeder Browser unterscheidet sich in der Art, wie er die Cookie-Einstellungen verwaltet. Diese ist in dem Hilfemen\u00fc jedes Browsers beschrieben, welches Ihnen erl\u00e4utert, wie Sie Ihre Cookie-Einstellungen \u00e4ndern k\u00f6nnen. Diese finden Sie f\u00fcr die jeweiligen Browser unter den folgenden Links:<br \/><br \/>Internet Explorer: <a href=\"http:\/\/windows.microsoft.com\/de-DE\/windows-vista\/Block-or-allow-cookies\">http:\/\/windows.microsoft.com\/de-DE\/windows-vista\/Block-or-allow-cookies<\/a><br \/>Firefox: <a href=\"https:\/\/support.mozilla.org\/de\/kb\/cookies-erlauben-und-ablehnen\">https:\/\/support.mozilla.org\/de\/kb\/cookies-erlauben-und-ablehnen<\/a><br \/>Chrome: <a href=\"http:\/\/support.google.com\/chrome\/bin\/answer.py?hl=de&amp;hlrm=en&amp;answer=95647\">http:\/\/support.google.com\/chrome\/bin\/answer.py?hl=de&amp;hlrm=en&amp;answer=95647<\/a><br \/>Safari: <a href=\"https:\/\/support.apple.com\/de-de\/guide\/safari\/sfri11471\/mac\">https:\/\/support.apple.com\/de-de\/guide\/safari\/sfri11471\/mac<\/a><br \/>Opera: <a href=\"http:\/\/help.opera.com\/Windows\/10.20\/de\/cookies.html\">http:\/\/help.opera.com\/Windows\/10.20\/de\/cookies.html<\/a><br \/><br \/>Bitte beachten Sie, dass bei Nichtannahme von Cookies die Funktionalit\u00e4t unserer Website eingeschr\u00e4nkt sein kann.<br \/><br \/>Ihre Einstellungen zur Verwendung von Cookies k\u00f6nnen Sie <a href=\"https:\/\/www.pahl-otoplastik.de\/cookie\/\">hier<\/a> jederzeit \u00e4ndern.<\/p>\r\n<p><strong>Google Analytics<\/strong><br \/>Soweit Sie Ihre Einwilligung erkl\u00e4rt haben, wird auf dieser Website Google Analytics eingesetzt, ein Webanalysedienst der Google Ireland Limited (\u201eGoogle\u201c). Die Nutzung umfasst die Betriebsart \u201eUniversal Analytics\u201c. Hierdurch ist es m\u00f6glich, Daten, Sitzungen und Interaktionen \u00fcber mehrere Ger\u00e4te hinweg einer pseudonymen User-ID zuzuordnen und so die Aktivit\u00e4ten eines Nutzers ger\u00e4te\u00fcbergreifend zu analysieren.<br \/>Google Analytics verwendet sog. \u201eCookies\u201c, Textdateien, die auf Ihrem Computer gespeichert werden und die eine Analyse der Benutzung der Website durch Sie erm\u00f6glichen. Die durch das Cookie erzeugten Informationen \u00fcber Ihre Benutzung dieser Website werden in der Regel an einen Server von Google in den USA \u00fcbertragen und dort gespeichert. Im Falle der Aktivierung der IP-Anonymisierung auf dieser Website, wird Ihre IP-Adresse von Google jedoch innerhalb von Mitgliedstaaten der Europ\u00e4ischen Union oder in anderen Vertragsstaaten des Abkommens \u00fcber den Europ\u00e4ischen Wirtschaftsraum zuvor gek\u00fcrzt. Wir weisen Sie darauf hin, dass auf dieser Webseite Google Analytics um eine IP-Anonymisierung erweitert wurde, um eine anonymisierte Erfassung von IP-Adressen (sog. IP-Masking) zu gew\u00e4hrleisten. Die im Rahmen von Google Analytics von Ihrem Browser \u00fcbermittelte IP-Adresse wird nicht mit anderen Daten von Google zusammengef\u00fchrt. N\u00e4here Informationen zu Nutzungsbedingungen und Datenschutz finden Sie unter <a href=\"https:\/\/www.google.com\/analytics\/terms\/de.html\">https:\/\/www.google.com\/analytics\/terms\/de.html<\/a> bzw. unter <a href=\"https:\/\/policies.google.com\/?hl=de\">https:\/\/policies.google.com\/?hl=de<\/a>.<br \/><br \/>Zwecke der Verarbeitung:<br \/>Im Auftrag des Betreibers dieser Website wird Google diese Informationen benutzen, um Ihre Nutzung der Website auszuwerten, um Reports \u00fcber die Websiteaktivit\u00e4ten zusammenzustellen und um weitere mit der Websitenutzung und der Internetnutzung verbundene Dienstleistungen gegen\u00fcber dem Websitebetreiber zu erbringen.<br \/><br \/>Rechtsgrundlage:<br \/>Die Rechtsgrundlage f\u00fcr den Einsatz von Google Analytics ist Ihre Einwilligung gem\u00e4\u00df <a href=\"https:\/\/dsgvo-gesetz.de\/art-6-dsgvo\/\">Art. 6 Abs. 1 S.1 lit. a DSGVO<\/a>.<br \/><br \/>Empf\u00e4nger:<br \/>Der Empf\u00e4nger der erhobenen Daten ist Google.<br \/><br \/>\u00dcbermittlung in Drittstaaten:<br \/>Die personenbezogenen Daten werden unter dem EU-US Privacy Shield auf Grundlage des Angemessenheitsbeschlusses der Europ\u00e4ischen Kommission in die USA \u00fcbermittelt. Das Zertifikat k\u00f6nnen Sie <a href=\"https:\/\/www.privacyshield.gov\/participant?id=a2zt000000001L5AAI\">hier<\/a> abrufen.<br \/><br \/>Dauer der Datenspeicherung:<br \/>Die von uns gesendeten und mit Cookies, Nutzerkennungen (z. B. User-ID) oder Werbe-IDs verkn\u00fcpften Daten werden nach 14 Monaten automatisch gel\u00f6scht. Die L\u00f6schung von Daten, deren Aufbewahrungsdauer erreicht ist, erfolgt automatisch einmal im Monat.<br \/><br \/>Betroffenenrechte:<br \/>Sie k\u00f6nnen Ihre Einwilligung jederzeit mit Wirkung f\u00fcr die Zukunft widerrufen, indem Sie die Speicherung der Cookies durch eine entsprechende Einstellung Ihrer Browser-Software verhindern; wir weisen Sie jedoch darauf hin, dass Sie in diesem Fall gegebenenfalls nicht s\u00e4mtliche Funktionen dieser Website vollumf\u00e4nglich werden nutzen k\u00f6nnen.<br \/><br \/>Sie k\u00f6nnen dar\u00fcber hinaus die Erfassung der durch das Cookie erzeugten und auf Ihre Nutzung der Website bezogenen Daten (inkl. Ihrer IP-Adresse) an Google sowie die Verarbeitung dieser Daten durch Google verhindern, indem Sie das <a href=\"https:\/\/tools.google.com\/dlpage\/gaoptout?hl=de\">Browser-Add-on<\/a> herunterladen und installieren. Opt-Out-Cookies verhindern die zuk\u00fcnftige Erfassung Ihrer Daten beim Besuch dieser Website. Um die Erfassung durch Universal Analytics \u00fcber verschiedene Ger\u00e4te hinweg zu verhindern, m\u00fcssen Sie das Opt-Out auf allen genutzten Systemen durchf\u00fchren. Wenn Sie hier klicken, wird das Opt-Out-Cookie gesetzt: <strong>Google Analytics deaktivieren<\/strong><\/p>\r\n<p><strong>LinkedIn Insight Tag<br \/><\/strong>Unsere Website verwendet das Conversion Tool \u201eLinkedIn Insight Tag\u201c der LinkedIn Ireland Unlimited Company. Dieses Tool erstellt ein Cookie in Ihrem Webbrowser, welches die Erfassung u.a. folgender Daten erm\u00f6glicht: IP-Adresse, Ger\u00e4te- und Browsereigenschaften und Seitenereignisse (z.B. Seitenabrufe). Diese Daten werden verschl\u00fcsselt, innerhalb von sieben Tagen anonymisiert und die anonymisierten Daten werden innerhalb von 90 Tagen gel\u00f6scht. LinkedIn teilt keine personenbezogenen Daten mit CRESCAT Advisory, sondern bietet anonymisierte Berichte \u00fcber die Webseiten-Zielgruppe und die Anzeigeleistung an. Erg\u00e4nzend bietet LinkedIn \u00fcber das Insight Tag die M\u00f6glichkeit eines Retargetings. CRESCAT Advisory kann mit Hilfe dieser Daten zielgerichtete Werbung au\u00dferhalb seiner Website anzeigen, ohne dass Sie als Websitebesucher dabei identifiziert werden. N\u00e4here Informationen zum Datenschutz bei LinkedIn k\u00f6nnen Sie den LinkedIn Datenschutzhinweisen entnehmen.<\/p>\r\n<p><strong>Google Maps<\/strong><br \/>Wir verwenden auf unserer Website einen Kartendienst von Google Maps, um f\u00fcr Sie den Anfahrtsweg zu uns darzustellen und Ihnen die Planung der Anfahrt zu vereinfachen. Durch diese Einbindung setzt Google automatisch Cookies ein. So erh\u00e4lt Google die Information, dass Ihr Browser die entsprechende Seite unseres Webauftritts aufgerufen hat sowie weitere Informationen, auch wenn Sie gar kein eigenes Nutzerkonto bei Google besitzen oder ein eigenes Konto besitzen, aber gerade nicht bei Google eingeloggt sind. Diese Information (einschlie\u00dflich Ihrer IP-Adresse) wird von Ihrem Browser direkt an einen Server von Google in die USA \u00fcbermittelt und dort gespeichert. Sind Sie bei Google eingeloggt, kann Google den Besuch unserer Webseite Ihrem dortigen Nutzerkonto unmittelbar zuordnen. Mit der Nutzung der abgebildeten Karte erkl\u00e4ren Sie sich mit der Erfassung, Bearbeitung sowie Nutzung der automatisiert erhobenen Daten durch Google Inc, deren Vertreter sowie Dritter einverstanden. Die Nutzungsbedingungen von Google Maps finden sie unter <a href=\"https:\/\/www.google.com\/intl\/de_DE\/help\/terms_maps.html\">Nutzungsbedingungen von Google Maps<\/a>.<\/p>\r\n<p><strong>Rechtsgrundlage<\/strong><br \/>Die Rechtsgrundlage f\u00fcr die Datenverarbeitung ist Art. 6 Abs. 1 S. 1 lit. f DSGVO. Unser berechtigtes Interesse folgt aus oben aufgelisteten Zwecken zur Datenerhebung. In keinem Fall verwenden wir die erhobenen Daten zu dem Zweck, R\u00fcckschl\u00fcsse auf Ihre Person zu ziehen.<\/p>\r\n<p>&nbsp;<\/p>\r\n","protected":false},"excerpt":{"rendered":"<p>Name und Anschrift des VerantwortlichenDer Verantwortliche f\u00fcr diese Internetseiten im Sinne der Datenschutz-Grundverordnung (DSGVO) und anderer nationaler Datenschutzgesetze der Mitgliedsstaaten sowie sonstiger datenschutzrechtlicher Bestimmungen ist die: CRESCAT Advisory GmbHSchillerstra\u00dfe 3160313 Frankfurt\/Main E-Mail: frankfurt@crescat-advisory.deTel.: +49 (0) 69 7566125-0 DatenschutzDie Nutzung unserer Website ist ohne Angabe personenbezogener Daten m\u00f6glich. Unsere Website enth\u00e4lt diverse Links zu anderen Websites. [&hellip;]<\/p>\n","protected":false},"author":1,"featured_media":0,"parent":0,"menu_order":0,"comment_status":"closed","ping_status":"open","template":"","meta":{"inline_featured_image":false,"footnotes":""},"class_list":["post-3","page","type-page","status-publish","hentry"],"yoast_head":"<!-- This site is optimized with the Yoast SEO plugin v27.5 - https:\/\/yoast.com\/product\/yoast-seo-wordpress\/ -->\n<title>Datenschutzerkl\u00e4rung - Aktuelles<\/title>\n<meta name=\"robots\" content=\"index, follow, max-snippet:-1, max-image-preview:large, max-video-preview:-1\" \/>\n<link rel=\"canonical\" href=\"https:\/\/www.crescat-advisory.de\/aktuelles\/datenschutzerklaerung\/\" \/>\n<meta property=\"og:locale\" content=\"de_DE\" \/>\n<meta property=\"og:type\" content=\"article\" \/>\n<meta property=\"og:title\" content=\"Datenschutzerkl\u00e4rung - Aktuelles\" \/>\n<meta property=\"og:description\" content=\"Name und Anschrift des VerantwortlichenDer Verantwortliche f\u00fcr diese Internetseiten im Sinne der Datenschutz-Grundverordnung (DSGVO) und anderer nationaler Datenschutzgesetze der Mitgliedsstaaten sowie sonstiger datenschutzrechtlicher Bestimmungen ist die: CRESCAT Advisory GmbHSchillerstra\u00dfe 3160313 Frankfurt\/Main E-Mail: frankfurt@crescat-advisory.deTel.: +49 (0) 69 7566125-0 DatenschutzDie Nutzung unserer Website ist ohne Angabe personenbezogener Daten m\u00f6glich. Unsere Website enth\u00e4lt diverse Links zu anderen Websites. [&hellip;]\" \/>\n<meta property=\"og:url\" content=\"https:\/\/www.crescat-advisory.de\/aktuelles\/datenschutzerklaerung\/\" \/>\n<meta property=\"og:site_name\" content=\"Aktuelles\" \/>\n<meta property=\"article:modified_time\" content=\"2021-05-05T13:16:26+00:00\" \/>\n<meta name=\"twitter:card\" content=\"summary_large_image\" \/>\n<meta name=\"twitter:label1\" content=\"Gesch\u00e4tzte Lesezeit\" \/>\n\t<meta name=\"twitter:data1\" content=\"9\u00a0Minuten\" \/>\n<script type=\"application\/ld+json\" class=\"yoast-schema-graph\">{\"@context\":\"https:\\\/\\\/schema.org\",\"@graph\":[{\"@type\":\"WebPage\",\"@id\":\"https:\\\/\\\/www.crescat-advisory.de\\\/aktuelles\\\/datenschutzerklaerung\\\/\",\"url\":\"https:\\\/\\\/www.crescat-advisory.de\\\/aktuelles\\\/datenschutzerklaerung\\\/\",\"name\":\"Datenschutzerkl\u00e4rung - Aktuelles\",\"isPartOf\":{\"@id\":\"https:\\\/\\\/www.crescat-advisory.de\\\/aktuelles\\\/#website\"},\"datePublished\":\"2021-04-09T08:57:43+00:00\",\"dateModified\":\"2021-05-05T13:16:26+00:00\",\"breadcrumb\":{\"@id\":\"https:\\\/\\\/www.crescat-advisory.de\\\/aktuelles\\\/datenschutzerklaerung\\\/#breadcrumb\"},\"inLanguage\":\"de\",\"potentialAction\":[{\"@type\":\"ReadAction\",\"target\":[\"https:\\\/\\\/www.crescat-advisory.de\\\/aktuelles\\\/datenschutzerklaerung\\\/\"]}]},{\"@type\":\"BreadcrumbList\",\"@id\":\"https:\\\/\\\/www.crescat-advisory.de\\\/aktuelles\\\/datenschutzerklaerung\\\/#breadcrumb\",\"itemListElement\":[{\"@type\":\"ListItem\",\"position\":1,\"name\":\"Startseite\",\"item\":\"https:\\\/\\\/www.crescat-advisory.de\\\/aktuelles\\\/\"},{\"@type\":\"ListItem\",\"position\":2,\"name\":\"Datenschutzerkl\u00e4rung\"}]},{\"@type\":\"WebSite\",\"@id\":\"https:\\\/\\\/www.crescat-advisory.de\\\/aktuelles\\\/#website\",\"url\":\"https:\\\/\\\/www.crescat-advisory.de\\\/aktuelles\\\/\",\"name\":\"Aktuelles\",\"description\":\"\",\"potentialAction\":[{\"@type\":\"SearchAction\",\"target\":{\"@type\":\"EntryPoint\",\"urlTemplate\":\"https:\\\/\\\/www.crescat-advisory.de\\\/aktuelles\\\/?s={search_term_string}\"},\"query-input\":{\"@type\":\"PropertyValueSpecification\",\"valueRequired\":true,\"valueName\":\"search_term_string\"}}],\"inLanguage\":\"de\"}]}<\/script>\n<!-- \/ Yoast SEO plugin. -->","yoast_head_json":{"title":"Datenschutzerkl\u00e4rung - Aktuelles","robots":{"index":"index","follow":"follow","max-snippet":"max-snippet:-1","max-image-preview":"max-image-preview:large","max-video-preview":"max-video-preview:-1"},"canonical":"https:\/\/www.crescat-advisory.de\/aktuelles\/datenschutzerklaerung\/","og_locale":"de_DE","og_type":"article","og_title":"Datenschutzerkl\u00e4rung - Aktuelles","og_description":"Name und Anschrift des VerantwortlichenDer Verantwortliche f\u00fcr diese Internetseiten im Sinne der Datenschutz-Grundverordnung (DSGVO) und anderer nationaler Datenschutzgesetze der Mitgliedsstaaten sowie sonstiger datenschutzrechtlicher Bestimmungen ist die: CRESCAT Advisory GmbHSchillerstra\u00dfe 3160313 Frankfurt\/Main E-Mail: frankfurt@crescat-advisory.deTel.: +49 (0) 69 7566125-0 DatenschutzDie Nutzung unserer Website ist ohne Angabe personenbezogener Daten m\u00f6glich. Unsere Website enth\u00e4lt diverse Links zu anderen Websites. [&hellip;]","og_url":"https:\/\/www.crescat-advisory.de\/aktuelles\/datenschutzerklaerung\/","og_site_name":"Aktuelles","article_modified_time":"2021-05-05T13:16:26+00:00","twitter_card":"summary_large_image","twitter_misc":{"Gesch\u00e4tzte Lesezeit":"9\u00a0Minuten"},"schema":{"@context":"https:\/\/schema.org","@graph":[{"@type":"WebPage","@id":"https:\/\/www.crescat-advisory.de\/aktuelles\/datenschutzerklaerung\/","url":"https:\/\/www.crescat-advisory.de\/aktuelles\/datenschutzerklaerung\/","name":"Datenschutzerkl\u00e4rung - Aktuelles","isPartOf":{"@id":"https:\/\/www.crescat-advisory.de\/aktuelles\/#website"},"datePublished":"2021-04-09T08:57:43+00:00","dateModified":"2021-05-05T13:16:26+00:00","breadcrumb":{"@id":"https:\/\/www.crescat-advisory.de\/aktuelles\/datenschutzerklaerung\/#breadcrumb"},"inLanguage":"de","potentialAction":[{"@type":"ReadAction","target":["https:\/\/www.crescat-advisory.de\/aktuelles\/datenschutzerklaerung\/"]}]},{"@type":"BreadcrumbList","@id":"https:\/\/www.crescat-advisory.de\/aktuelles\/datenschutzerklaerung\/#breadcrumb","itemListElement":[{"@type":"ListItem","position":1,"name":"Startseite","item":"https:\/\/www.crescat-advisory.de\/aktuelles\/"},{"@type":"ListItem","position":2,"name":"Datenschutzerkl\u00e4rung"}]},{"@type":"WebSite","@id":"https:\/\/www.crescat-advisory.de\/aktuelles\/#website","url":"https:\/\/www.crescat-advisory.de\/aktuelles\/","name":"Aktuelles","description":"","potentialAction":[{"@type":"SearchAction","target":{"@type":"EntryPoint","urlTemplate":"https:\/\/www.crescat-advisory.de\/aktuelles\/?s={search_term_string}"},"query-input":{"@type":"PropertyValueSpecification","valueRequired":true,"valueName":"search_term_string"}}],"inLanguage":"de"}]}},"_links":{"self":[{"href":"https:\/\/www.crescat-advisory.de\/aktuelles\/wp-json\/wp\/v2\/pages\/3","targetHints":{"allow":["GET"]}}],"collection":[{"href":"https:\/\/www.crescat-advisory.de\/aktuelles\/wp-json\/wp\/v2\/pages"}],"about":[{"href":"https:\/\/www.crescat-advisory.de\/aktuelles\/wp-json\/wp\/v2\/types\/page"}],"author":[{"embeddable":true,"href":"https:\/\/www.crescat-advisory.de\/aktuelles\/wp-json\/wp\/v2\/users\/1"}],"replies":[{"embeddable":true,"href":"https:\/\/www.crescat-advisory.de\/aktuelles\/wp-json\/wp\/v2\/comments?post=3"}],"version-history":[{"count":2,"href":"https:\/\/www.crescat-advisory.de\/aktuelles\/wp-json\/wp\/v2\/pages\/3\/revisions"}],"predecessor-version":[{"id":517,"href":"https:\/\/www.crescat-advisory.de\/aktuelles\/wp-json\/wp\/v2\/pages\/3\/revisions\/517"}],"wp:attachment":[{"href":"https:\/\/www.crescat-advisory.de\/aktuelles\/wp-json\/wp\/v2\/media?parent=3"}],"curies":[{"name":"wp","href":"https:\/\/api.w.org\/{rel}","templated":true}]}}